?
-225521
In base 14, what is 1a0c6 - -1749?
1b831
In base 13, what is -c52 + -707c7?
-71749
In base 13, what is -571070a + -8?
-5710715
In base 16, what is 1e - c6aee4?
-c6aec6
In base 5, what is 33344141421 - 3?
33344141413
In base 13, what is -766a2 + -869?
-7723b
In base 5, what is -4 - -441404433?
441404424
In base 2, what is -1 - -10101001011101000011100101?
10101001011101000011100100
In base 3, what is 101200202 + -20200?
101110002
In base 16, what is cf45ab + 1?
cf45ac
In base 16, what is 16178e - 4?
16178a
In base 15, what is 117ce6c + -4?
117ce68
In base 7, what is 304650 - 334?
304313
In base 14, what is -4979 - -155?
-4824
In base 9, what is 1746802 - -3?
1746805
In base 6, what is 1320 - 10005055?
-10003335
In base 5, what is -43 - 20412033?
-20412131
In base 13, what is -48c3a + 108?
-48b32
In base 16, what is 65b + 5be?
c19
In base 14, what is -23 + -264144?
-264167
In base 11, what is 126a97 - -21?
127008
In base 12, what is 419 - 2670?
-2253
In base 15, what is 1a08 - 5487?
-397e
In base 12, what is 3429486a + 5?
34294873
In base 6, what is 101042 + 3130?
104212
In base 9, what is 1 + -621631?
-621630
In base 11, what is -1117 - 44a69?
-46085
In base 11, what is -7a + -1426930?
-14269aa
In base 14, what is 2013 + -23c7c?
-21c69
In base 9, what is -102324 + -1116?
-103441
In base 16, what is 4e41 + 2a4?
50e5
In base 9, what is -2764 - -211234?
207360
In base 9, what is -257184 - -1168?
-256015
In base 2, what is 1110011010 - 10100011101111?
-10010101010101
In base 14, what is -6a2d6 + 177?
-6a15d
In base 11, what is 3104 - -4460?
7564
In base 10, what is 6499 - -15523?
22022
In base 14, what is 363 + d51d?
d882
In base 9, what is 4 + -14025442?
-14025437
In base 10, what is 3 - 1607601?
-1607598
In base 6, what is -1 - 2051131?
-2051132
In base 7, what is 26224441 + -2?
26224436
In base 15, what is e79c1 + -e?
e79b2
In base 5, what is 2402144 + 1203?
2403402
In base 14, what is 0 - -4aa8bb1?
4aa8bb1
In base 15, what is 86c02c5 - -6?
86c02cb
In base 8, what is -21460 - 10154?
-31634
In base 7, what is 1112 + 332032?
333144
In base 10, what is 1301 - 3417?
-2116
In base 14, what is 363968 + -12?
363956
In base 10, what is -18927008 - 1?
-18927009
In base 11, what is -9a14a + -102?
-9a251
In base 12, what is -25a09213 + 9?
-25a09206
In base 15, what is 355ae + 19?
355c8
In base 10, what is -15071 + -3405?
-18476
In base 6, what is -141 - 5433301?
-5433442
In base 4, what is -230123 + -1313012?
-2203201
In base 4, what is -11 - -13003231231?
13003231220
In base 15, what is 31c + c8ed?
cc1a
In base 12, what is -4485 + -16b9b?
-1b464
In base 12, what is 12801a3 + 15?
12801b8
In base 8, what is 13 + 1362401?
1362414
In base 16, what is -514b - -720?
-4a2b
In base 9, what is 20674 + 1621?
22405
In base 6, what is -45131 + -23403?
-112534
In base 14, what is -12 + -447b41?
-447b53
In base 5, what is 3 - 404300430010?
-404300430002
In base 16, what is -b + -19b2d44?
-19b2d4f
In base 4, what is -3 + -123032010011?
-123032010020
In base 14, what is -4c3056 + -2?
-4c3058
In base 10, what is -1937 - 323614?
-325551
In base 11, what is 190667319 + 0?
190667319
In base 5, what is -1104442 + 11104321?
4444324
In base 8, what is 55 + 7714724?
7715001
In base 2, what is -10001010100011010111101010101 + 10?
-10001010100011010111101010011
In base 4, what is 31 - 22220032?
-22220001
In base 12, what is 15744b0 - -2?
15744b2
In base 6, what is 520534042 - 4?
520534034
In base 4, what is 1 + -1021220332202?
-1021220332201
In base 13, what is -43a23 + 94?
-4395c
In base 4, what is 1222 - 213231230?
-213230002
In base 5, what is -2 - -1201130034?
1201130032
In base 6, what is -11503 - -43013?
31110
In base 16, what is -5 - -a628db?
a628d6
In base 2, what is 1000110011010000000111000110 - -1?
1000110011010000000111000111
In base 7, what is -4 - 1132516300?
-1132516304
In base 7, what is -4 + 12063413331?
12063413324
In base 6, what is 1123352553 + -4?
1123352545
In base 13, what is 652 - -103c65?
1045b7
In base 8, what is 2621 - -537211?
542032
In base 6, what is 5 + -11442230?
-11442221
In base 5, what is -1332234 + 2432212?
1044423
In base 7, what is -20243356 - -236?
-20243120
In base 12, what is -a97 + -8643?
-951a
In base 8, what is -501727 + 11?
-501716
In base 9, what is -203217 + 411?
-202706
In base 7, what is -245 + -102250416?
-102250664
In base 2, what is -1110101111 - -10101100001001000?
10101010010011001
In base 16, what is 16 - 30fb5e1?
-30fb5cb
In base 8, what is -31142145 - 0?
-31142145
In base 6, what is -2105555 + -433?
-2110432
In base 15, what is -5189 + 7a79?
28e0
In base 13, what is 0 + -40138962?
-40138962
In base 10, what is 2223 + -11?
2212
In base 2, what is 1 + 100000110100011001100?
100000110100011001101
In base 12, what is 8 - 48910b?
-489103
In base 10, what is 4849585 + 17?
4849602
In base 5, what is -12134 + 40232000?
40214311
In base 6, what is -140401011 - 25?
-140401040
In base 5, what is 2332 + 3342321?
3400203
In base 13, what is 109 - 4a2?
-396
In base 4, what is 2 + 1301000213001?
1301000213003
In base 8, what is 576 - -2571?
3367
In base 15, what is 97114c - 3?
971149
In base 8, what is -555 + -6231?
-7006
In base 12, what is 23a98b - 19?
23a972
In base 4, what is -331 - -10322002030?
10322001033
In base 2, what is 110 - -10010110110101101010011011?
10010110110101101010100001
In base 2, what is 101 + 100011101110100100001?
100011101110100100110
In base 14, what is 3a2 - -5184d?
51c11
In base 5, what is 133 - -131240340?
131241023
In base 4, what is 10 - 10203000120?
-10203000110
In base 14, what is 18580 - 1d8?
18386
In base 5, what is -2 + -232131431?
-232131433
In base 5, what is -111204000 + 121?
-111203324
In base 10, what is -35 + 159658?
159623
In base 13, what is 11708 + -3460?
b278
In base 15, what is -415 - -19d1?
15bb
In base 3, what is -1021 + -112122000102?
-112122001200
In base 12, what is 850 - -4a566?
4b1b6
In base 11, what is 17916 + 2248?
1a063
In base 6, what is 101133153 - -1310?
101134503
In base 13, what is -5 - 746953?
-746958
In base 11, what is 1582750 + -1?
158274a
In base 3, what is 1211 - 20012110212?
-20012102001
In base 9, what is 3667213821 + -1?
3667213820
In base 12, what is 0 - 40137829?
-40137829
In base 14, what is 5 + 4666765?
466676a
In base 16, what is 3842 + -1d1?
3671
In base 10, what is -1013923 + -5?
-1013928
In base 4, what is 20211 - 103110003?
-103023132
In base 16, what is -503 + -262d?
-2b30
In base 13, what is 2 + -4517ab65?
-4517ab63
In base 5, what is -1 + -244443011312?
-244443011313
In base 16, what is -1f - 15b1a?
-15b39
In base 8, what is -133447112 + 22?
-133447070
In base 13, what is 8c13 + 43c?
9352
In base 13, what is 5 + 33a65a?
33a662
In base 6, what is 215 + 1313422?
1314041
In base 6, what is 354115 - 21442?
332233
In base 13, what is -1068c + 268?
-10424
In base 15, what is -124 + 139e2?
138bd
In base 4, what is 130 + -330003?
-323213
In base 8, what is -573 + -3065?
-3660
In base 3, what is -20 + -111121100200?
-111121100220
In base 2, what is -100011000101010010 + -10100011100?
-100011011001101110
In base 4, what is -330 + -310002002?
-310002332
In base 16, what is -1e2 - -9aca?
98e8
In base 3, what is 100 + 11202102022100?
11202102022200
In base 8, what is 4157 - -21431?
25610
In base 9, what is 74 + -381046?
-380862
In base 7, what is -345624 - -144?
-345450
In base 3, what is -2000 - -20101122121221?
20101122112221
In base 13, what is -a2 + -27ac9?
-27b9b
In base 7, what is -341302466 + 0?
-341302466
In base 13, what is 36327 - 15a7?
34a50
In base 5, what is 120 + -1141440043?
-1141434423
In base 2, what is -1101 + -101001001001101101000011?
-101001001001101101010000
In base 8, what is 306512461 - 1?
306512460
In base 8, what is -45703 + -353?
-46256
In base 3, what is 1022212011 + -2201?
1022202110
In base 10, what is -452605494 + 3?
-452605491
In base 8, what is -55471 - 1375?
-57066
In base 2, what is 10000011000110110111010 - 11011?
10000011000110110011111
In base 13, what is -1446 + -2666?
-3aac
In base 7, what is -22 + -13435513?
-13435535
In base 2, what is 11 - 100000010010111100000?
-100000010010111011101
In base 8, what is -150 - -6605541?
6605371
In base 12, what is 0 - -151148a5?
151148a5
In base 6, what is 54333144302 - -1?
54333